der when 8649 is divided by 25.
24
Calculate the remainder when 415456 is divided by 9442.
8
Calculate the remainder when 1116 is divided by 544.
28
Calculate the remainder when 8135 is divided by 42.
29
What is the remainder when 77147 is divided by 16?
11
What is the remainder when 3071947 is divided by 14?
11
What is the remainder when 5538 is divided by 24?
18
Calculate the remainder when 7043 is divided by 4.
3
Calculate the remainder when 66310 is divided by 9.
7
Calculate the remainder when 2384 is divided by 689.
317
Calculate the remainder when 66721 is divided by 98.
81
Calculate the remainder when 30335 is divided by 482.
451
Calculate the remainder when 12953 is divided by 14.
3
Calculate the remainder when 14275 is divided by 446.
3
Calculate the remainder when 1322124 is divided by 100.
24
What is the remainder when 152043 is divided by 2534?
3
What is the remainder when 3272 is divided by 1?
0
What is the remainder when 36583 is divided by 68?
67
Calculate the remainder when 895 is divided by 23.
21
What is the remainder when 15230 is divided by 276?
50
What is the remainder when 3855 is divided by 129?
114
What is the remainder when 77399 is divided by 19347?
11
What is the remainder when 61047 is divided by 3212?
19
Calculate the remainder when 1907 is divided by 529.
320
Calculate the remainder when 1935 is divided by 566.
237
Calculate the remainder when 104986 is divided by 52.
50
What is the remainder when 33908 is divided by 72?
68
What is the remainder when 5591 is divided by 373?
369
Calculate the remainder when 3843 is divided by 368.
163
What is the remainder when 13007 is divided by 113?
12
What is the remainder when 9063 is divided by 349?
338
Calculate the remainder when 130820 is divided by 4088.
4
Calculate the remainder when 236552 is divided by 33787.
43
What is the remainder when 19349 is divided by 5?
4
Calculate the remainder when 38730 is divided by 623.
104
Calculate the remainder when 1845 is divided by 704.
437
Calculate the remainder when 3960 is divided by 515.
355
What is the remainder when 1402 is divided by 97?
44
Calculate the remainder when 2410383 is divided by 33.
30
What is the remainder when 19376 is divided by 860?
456
Calculate the remainder when 281222 is divided by 1674.
1664
Calculate the remainder when 363398 is divided by 164.
138
Calculate the remainder when 7451 is divided by 182.
171
Calculate the remainder when 411637 is divided by 18.
13
Calculate the remainder when 1221 is divided by 343.
192
What is the remainder when 13637 is divided by 750?
137
Calculate the remainder when 1366 is divided by 295.
186
What is the remainder when 14964 is divided by 4976?
36
Calculate the remainder when 44569 is divided by 34.
29
Calculate the remainder when 834 is divided by 40.
34
What is the remainder when 395860 is divided by 15?
10
What is the remainder when 4320 is divided by 49?
8
Calculate the remainder when 848989 is divided by 365.
364
Calculate the remainder when 581096 is divided by 975.
971
What is the remainder when 1099126 is divided by 151?
148
Calculate the remainder when 19328 is divided by 287.
99
Calculate the remainder when 727383 is divided by 434.
433
Calculate the remainder when 84724 is divided by 269.
258
Calculate the remainder when 3125 is divided by 914.
383
Calculate the remainder when 245861 is divided by 29.
28
Calculate the remainder when 2005 is divided by 79.
30
Calculate the remainder when 17521 is divided by 297.
295
What is the remainder when 1619 is divided by 115?
9
Calculate the remainder when 6846 is divided by 402.
12
What is the remainder when 309121 is divided by 1027?
1021
What is the remainder when 26279 is divided by 8754?
17
What is the remainder when 9852 is divided by 1098?
1068
What is the remainder when 7855 is divided by 465?
415
What is the remainder when 78276 is divided by 152?
148
Calculate the remainder when 32492 is divided by 1618.
132
What is the remainder when 4214 is divided by 64?
54
Calculate the remainder when 2310 is divided by 2310.
0
Calculate the remainder when 124093 is divided by 32.
29
What is the remainder when 103046 is divided by 1840?
6
Calculate the remainder when 79269 is divided by 413.
386
Calculate the remainder when 82480 is divided by 233.
231
What is the remainder when 339609 is divided by 12?
9
What is the remainder when 3642 is divided by 14?
2
What is the remainder when 43627 is divided by 1978?
111
What is the remainder when 1060 is divided by 26?
20
What is the remainder when 50650 is divided by 1013?
0
What is the remainder when 1406 is divided by 635?
136
What is the remainder when 574 is divided by 440?
134
What is the remainder when 116 is divided by 1?
0
Calculate the remainder when 41011 is divided by 1576.
35
Calculate the remainder when 24833 is divided by 90.
83
Calculate the remainder when 17371 is divided by 97.
8
What is the remainder when 6139 is divided by 6135?
4
What is the remainder when 23579 is divided by 11739?
101
What is the remainder when 1887 is divided by 176?
127
What is the remainder when 846673 is divided by 133?
128
Calculate the remainder when 533 is divided by 194.
145
What is the remainder when 2756 is divided by 198?
182
What is the remainder when 41283 is divided by 8253?
18
What is the remainder when 3888 is divided by 975?
963
Calculate the remainder when 62952 is divided by 20982.
6
Calculate the remainder when 1734 is divided by 98.
68
What is the remainder when 660 is divided by 477?
183
What is the remainder when 6165 is divided by 341?
27
What is the remainder when 89998 is divided by 50?
48
What is the remainder when 4325 is divided by 59?
18
Calculate the remainder when 6303 is divided by 2086.
45
Calculate the remainder when 12238 is divided by 4049.
91
Calculate the remainder when 6242 is divided by 6134.
108
What is the remainder when 8162 is divided by 146?
132
What is the remainder when 361 is divided by 126?
109
What is the remainder when 111959 is divided by 172?
159
Calculate the remainder when 5888 is divided by 24.
8
What is the remainder when 8531 is divided by 728?
523
What is the remainder when 6313 is divided by 206?
133
Calculate the remainder when 56240 is divided by 264.
8
Calculate the remainder when 45630 is divided by 152.
30
Calculate the remainder when 2149 is divided by 759.
631
What is the remainder when 795 is divided by 407?
388
What is the remainder when 89904 is divided by 17963?
89
What is the remainder when 42340 is divided by 8454?
70
Calculate the remainder when 9677 is divided by 4357.
963
What is the remainder when 21117 is divided by 21?
12
What is the remainder when 14266 is divided by 34?
20
Calculate the remainder when 5673 is divided by 11.
8
What is the remainder when 16350 is divided by 364?
334
What is the remainder when 58298 is divided by 9706?
62
Calculate the remainder when 3579 is divided by 1149.
132
Calculate the remainder when 28592 is divided by 37.
28
Calculate the remainder when 1470187 is divided by 5425.
12
What is the remainder when 4851 is divided by 181?
145
Calculate the remainder when 23284 is divided by 7717.
133
What is the remainder when 152800 is divided by 263?
260
What is the remainder when 897164 is divided by 10?
4
Calculate the remainder when 267 is divided by 95.
77
What is the remainder when 408 is divided by 225?
183
Calculate the remainder when 6837 is divided by 4.
1
What is the remainder when 7796 is divided by 211?
200
Calculate the remainder when 19437 is divided by 209.
0
What is the remainder when 14568 is divided by 4761?
285
What is the remainder when 3249 is divided by 538?
21
Calculate the remainder when 7855 is divided by 561.
1
Calculate the remainder when 15226 is divided by 2143.
225
Calculate the remainder when 109406 is divided by 5470.
6
What is the remainder when 52468 is divided by 274?
134
What is the remainder when 29624 is divided by 43?
40
Calculate the remainder when 6642 is divided by 956.
906
What is the remainder when 8935 is divided by 173?
112
What is the remainder when 4330 is divided by 2138?
54
Calculate the remainder when 634 is divided by 214.
206
Calculate the remainder when 5023 is divided by 1321.
1060
What is the remainder when 114546 is divided by 358